{"id":19,"date":"2023-05-24T10:17:08","date_gmt":"2023-05-24T10:17:08","guid":{"rendered":"https:\/\/suomenrehtorit.fi\/pirkanmaan-rehtorit-ry\/?page_id=19"},"modified":"2023-09-05T12:27:06","modified_gmt":"2023-09-05T12:27:06","slug":"pirkanmaan-rehtorit-ry","status":"publish","type":"page","link":"https:\/\/suomenrehtorit.fi\/pirkanmaan-rehtorit-ry\/pirkanmaan-rehtorit-ry\/","title":{"rendered":"Pirkanmaan Rehtorit ry"},"content":{"rendered":"\n<p>J\u00e4senyhdistyksen varsinainen kokous pidet\u00e4\u00e4n tammi-huhtikuussa. J\u00e4senyhdistyksen hallitus m\u00e4\u00e4r\u00e4\u00e4 j\u00e4senyhdistyksen kokouksen tarkemman ajan ja paikan. Varsinaisen kokouksen kokouskutsu l\u00e4hetet\u00e4\u00e4n v\u00e4hint\u00e4\u00e4n kaksi viikkoa ennen kokousta s\u00e4hk\u00f6postilla j\u00e4senen SURE-FIRE:lle ilmoittamaan s\u00e4hk\u00f6postiosoitteeseen. Pid\u00e4th\u00e4n yhteystietosi ajantasalla!<\/p>\n\n\n\n<p>Yhdistyksen hallitus kokoontuu keskim\u00e4\u00e4rin kerran kuukaudessa.<\/p>\n","protected":false},"excerpt":{"rendered":"<p>J\u00e4senyhdistyksen varsinainen kokous pidet\u00e4\u00e4n tammi-huhtikuussa. J\u00e4senyhdistyksen hallitus m\u00e4\u00e4r\u00e4\u00e4 j\u00e4senyhdistyksen kokouksen tarkemman ajan ja paikan. Varsinaisen kokouksen kokouskutsu l\u00e4hetet\u00e4\u00e4n v\u00e4hint\u00e4\u00e4n kaksi viikkoa ennen kokousta s\u00e4hk\u00f6postilla j\u00e4senen SURE-FIRE:lle ilmoittamaan s\u00e4hk\u00f6postiosoitteeseen. Pid\u00e4th\u00e4n yhteystietosi ajantasalla! Yhdistyksen hallitus kokoontuu keskim\u00e4\u00e4rin kerran kuukaudessa.<\/p>\n","protected":false},"author":2,"featured_media":0,"parent":0,"menu_order":0,"comment_status":"closed","ping_status":"closed","template":"","meta":{"_uag_custom_page_level_css":"","footnotes":""},"class_list":["post-19","page","type-page","status-publish"],"uagb_featured_image_src":{"full":false,"thumbnail":false,"medium":false,"medium_large":false,"large":false,"1536x1536":false,"2048x2048":false},"uagb_author_info":{"display_name":"Miira Tirkkonen","author_link":"https:\/\/suomenrehtorit.fi\/pirkanmaan-rehtorit-ry\/author\/miirat\/"},"uagb_comment_info":0,"uagb_excerpt":"J\u00e4senyhdistyksen varsinainen kokous pidet\u00e4\u00e4n tammi-huhtikuussa. J\u00e4senyhdistyksen hallitus m\u00e4\u00e4r\u00e4\u00e4 j\u00e4senyhdistyksen kokouksen tarkemman ajan ja paikan. Varsinaisen kokouksen kokouskutsu l\u00e4hetet\u00e4\u00e4n v\u00e4hint\u00e4\u00e4n kaksi viikkoa ennen kokousta s\u00e4hk\u00f6postilla j\u00e4senen SURE-FIRE:lle ilmoittamaan s\u00e4hk\u00f6postiosoitteeseen. Pid\u00e4th\u00e4n yhteystietosi ajantasalla! Yhdistyksen hallitus kokoontuu keskim\u00e4\u00e4rin kerran kuukaudessa.","_links":{"self":[{"href":"https:\/\/suomenrehtorit.fi\/pirkanmaan-rehtorit-ry\/wp-json\/wp\/v2\/pages\/19","targetHints":{"allow":["GET"]}}],"collection":[{"href":"https:\/\/suomenrehtorit.fi\/pirkanmaan-rehtorit-ry\/wp-json\/wp\/v2\/pages"}],"about":[{"href":"https:\/\/suomenrehtorit.fi\/pirkanmaan-rehtorit-ry\/wp-json\/wp\/v2\/types\/page"}],"author":[{"embeddable":true,"href":"https:\/\/suomenrehtorit.fi\/pirkanmaan-rehtorit-ry\/wp-json\/wp\/v2\/users\/2"}],"replies":[{"embeddable":true,"href":"https:\/\/suomenrehtorit.fi\/pirkanmaan-rehtorit-ry\/wp-json\/wp\/v2\/comments?post=19"}],"version-history":[{"count":3,"href":"https:\/\/suomenrehtorit.fi\/pirkanmaan-rehtorit-ry\/wp-json\/wp\/v2\/pages\/19\/revisions"}],"predecessor-version":[{"id":104,"href":"https:\/\/suomenrehtorit.fi\/pirkanmaan-rehtorit-ry\/wp-json\/wp\/v2\/pages\/19\/revisions\/104"}],"wp:attachment":[{"href":"https:\/\/suomenrehtorit.fi\/pirkanmaan-rehtorit-ry\/wp-json\/wp\/v2\/media?parent=19"}],"curies":[{"name":"wp","href":"https:\/\/api.w.org\/{rel}","templated":true}]}}