{"id":193,"date":"2023-05-16T10:00:09","date_gmt":"2023-05-16T10:00:09","guid":{"rendered":"https:\/\/suomenrehtorit.fi\/web\/?page_id=193"},"modified":"2026-02-27T09:59:21","modified_gmt":"2026-02-27T07:59:21","slug":"liity-jaseneksi","status":"publish","type":"page","link":"https:\/\/suomenrehtorit.fi\/web\/jasenyys\/liity-jaseneksi\/","title":{"rendered":"Liity j\u00e4seneksi"},"content":{"rendered":"\n<h2 class=\"wp-block-heading\"><strong>N\u00e4in liityt j\u00e4seneksi<\/strong><strong><\/strong><\/h2>\n\n\n\n<p>Suomen Rehtorit ry:n varsinaisen j\u00e4senen j\u00e4senmaksu vuodelle 2026 on 135 euroa ja kannatusj\u00e4senmaksu (esim. seniorit ja toisen alueyhdistyksen j\u00e4sen) on 20 euroa. J\u00e4senmaksulla varsinaisena j\u00e4senen\u00e4 saat kaikki SUREn <a href=\"https:\/\/suomenrehtorit.fi\/web\/jasenedut\/\" data-type=\"page\" data-id=\"191\">j\u00e4senedut<\/a>.<\/p>\n\n\n\n<p>J\u00e4senmaksu maksetaan vuosittain laskulla, joka toimitetaan kaikille j\u00e4senille s\u00e4hk\u00f6postilla.<\/p>\n\n\n\n<h3 class=\"wp-block-heading\">J\u00e4senhakemus<\/h3>\n\n\n\n<p>Klikkaa linkki\u00e4 ja j\u00e4senhakemus avautuu uuteen ikkunaan. <a href=\"https:\/\/avoine.formstack.com\/forms\/rehtorit\">https:\/\/avoine.formstack.com\/forms\/rehtorit<\/a><\/p>\n\n\n\n<p>HUOM! Jos haet kannatusj\u00e4seneksi (toisen alueyhdistyksen varsinainen j\u00e4sen) tai seniorij\u00e4sekseni, niin kirjoita se hakemuksen kohtaan lis\u00e4tietoja Suomen Rehtorit ry:lle.<\/p>\n\n\n\n<h3 class=\"wp-block-heading\">J\u00e4senyys kannattaa<\/h3>\n\n\n\n<h4 class=\"wp-block-heading\">Kehitt\u00e4j\u00e4, edist\u00e4j\u00e4, kannustaja, puolustaja<\/h4>\n\n\n\n<p>Koulujen, oppilaitosten ja opetustoimen johtoteht\u00e4viss\u00e4 toimivien verkostossa SUREn j\u00e4senen\u00e4 et j\u00e4\u00e4 koskaan ty\u00f6asioissasi yksin.<\/p>\n\n\n\n<figure class=\"wp-block-image size-full\"><a href=\"https:\/\/www.esitteemme.fi\/video\/F15861818\" target=\"_blank\" rel=\" noreferrer noopener\"><img loading=\"lazy\" decoding=\"async\" width=\"400\" height=\"225\" src=\"https:\/\/suomenrehtorit.fi\/web\/wp-content\/uploads\/sites\/2\/2026\/02\/thumbnail-video-FIN-1.jpg\" alt=\"\" class=\"wp-image-5250\" srcset=\"https:\/\/suomenrehtorit.fi\/web\/wp-content\/uploads\/sites\/2\/2026\/02\/thumbnail-video-FIN-1.jpg 400w, https:\/\/suomenrehtorit.fi\/web\/wp-content\/uploads\/sites\/2\/2026\/02\/thumbnail-video-FIN-1-300x169.jpg 300w, https:\/\/suomenrehtorit.fi\/web\/wp-content\/uploads\/sites\/2\/2026\/02\/thumbnail-video-FIN-1-252x142.jpg 252w\" sizes=\"auto, (max-width: 400px) 100vw, 400px\" \/><\/a><\/figure>\n\n\n\n<p>Saat ev\u00e4it\u00e4 arkeen, koulutuksia ja muita j\u00e4senetuja sek\u00e4 kollegiaalista tukea.<\/p>\n\n\n\n<figure class=\"wp-block-image size-full\"><a href=\"https:\/\/www.esitteemme.fi\/video\/42BF62907\" target=\"_blank\" rel=\" noreferrer noopener\"><img loading=\"lazy\" decoding=\"async\" width=\"400\" height=\"225\" src=\"https:\/\/suomenrehtorit.fi\/web\/wp-content\/uploads\/sites\/2\/2026\/02\/thumbnail-video.jpg\" alt=\"\" class=\"wp-image-5247\" srcset=\"https:\/\/suomenrehtorit.fi\/web\/wp-content\/uploads\/sites\/2\/2026\/02\/thumbnail-video.jpg 400w, https:\/\/suomenrehtorit.fi\/web\/wp-content\/uploads\/sites\/2\/2026\/02\/thumbnail-video-300x169.jpg 300w, https:\/\/suomenrehtorit.fi\/web\/wp-content\/uploads\/sites\/2\/2026\/02\/thumbnail-video-252x142.jpg 252w\" sizes=\"auto, (max-width: 400px) 100vw, 400px\" \/><\/a><\/figure>\n\n\n\n<p>Esittelyvideo ruotsinkielisell\u00e4 tekstityksell\u00e4.<\/p>\n\n\n\n<figure class=\"wp-block-embed is-type-video is-provider-youtube wp-block-embed-youtube wp-embed-aspect-16-9 wp-has-aspect-ratio\"><div class=\"wp-block-embed__wrapper\">\n<iframe loading=\"lazy\" title=\"Suomen Rehtorit ry esittely\" width=\"1200\" height=\"675\" src=\"https:\/\/www.youtube.com\/embed\/wMg0UesH8dw?feature=oembed\" frameborder=\"0\" allow=\"accelerometer; autoplay; clipboard-write; encrypted-media; gyroscope; picture-in-picture; web-share\" referrerpolicy=\"strict-origin-when-cross-origin\" allowfullscreen><\/iframe>\n<\/div><\/figure>\n\n\n\n<h2 class=\"wp-block-heading\">J\u00e4senhankintakampanja &#8211; <strong>Hissipuhe j\u00e4senyyden suositteluun<\/strong><\/h2>\n\n\n\n<figure class=\"wp-block-image size-full\"><img loading=\"lazy\" decoding=\"async\" width=\"300\" height=\"300\" src=\"https:\/\/suomenrehtorit.fi\/web\/wp-content\/uploads\/sites\/2\/2025\/04\/qr-hissipuhevideo.png\" alt=\"\" class=\"wp-image-4666\" srcset=\"https:\/\/suomenrehtorit.fi\/web\/wp-content\/uploads\/sites\/2\/2025\/04\/qr-hissipuhevideo.png 300w, https:\/\/suomenrehtorit.fi\/web\/wp-content\/uploads\/sites\/2\/2025\/04\/qr-hissipuhevideo-150x150.png 150w, https:\/\/suomenrehtorit.fi\/web\/wp-content\/uploads\/sites\/2\/2025\/04\/qr-hissipuhevideo-252x252.png 252w, https:\/\/suomenrehtorit.fi\/web\/wp-content\/uploads\/sites\/2\/2025\/04\/qr-hissipuhevideo-72x72.png 72w, https:\/\/suomenrehtorit.fi\/web\/wp-content\/uploads\/sites\/2\/2025\/04\/qr-hissipuhevideo-126x126.png 126w\" sizes=\"auto, (max-width: 300px) 100vw, 300px\" \/><figcaption class=\"wp-element-caption\">T\u00e4st\u00e4 QR koodista p\u00e4\u00e4set hissipuhevideoon.<\/figcaption><\/figure>\n\n\n\n<h4 class=\"wp-block-heading\"><strong>Miksi sinun tulisi harkita liittymist\u00e4 Suomen Rehtoreiden j\u00e4seneksi?<\/strong><\/h4>\n\n\n\n<p>Rehtorin rooli erottuu opettajan ammatista v\u00e4h\u00e4isen kollegiaalisen vuorovaikutuksen vuoksi. Koulussa voi olla useita opettajia, mutta yleens\u00e4 vain yksi rehtori. Liittym\u00e4ll\u00e4 Suomen Rehtoreihin (SURE) saat laajennettua kollegaverkostoasi rehtorina my\u00f6s oman kuntasi ulkopuolelle. Rehtorin paras tuki on toinen rehtori.<\/p>\n\n\n\n<p>Alueyhdistykset tarjoavat j\u00e4senilleen mielenkiintoisia tapahtumia l\u00e4hell\u00e4si. Liittyess\u00e4si SUREen, liityt samalla my\u00f6s omaan alueyhdistykseesi.<\/p>\n\n\n\n<p>SURE toimii rehtoreiden ja apulaisrehtoreiden edunvalvojana ja vaikuttaa aktiivisesti maamme koulutuspolitiikkaan monin eri tavoin. Olemme l\u00e4hes poikkeuksetta mukana t\u00e4rkeimmiss\u00e4 koulutusta kehitt\u00e4viss\u00e4 ty\u00f6ryhmiss\u00e4 ja lakien valmisteluprosesseissa, edustaen j\u00e4senist\u00f6\u00e4mme ja antamalla lausuntojamme. \u00c4\u00e4nemme kuuluu my\u00f6s mediassa. Jos haluat pysy\u00e4 ajan tasalla koulutuksen kehityksest\u00e4 ja vaikuttaa siihen, SURE on paras kanava siihen.<\/p>\n\n\n\n<p>SURE j\u00e4rjest\u00e4\u00e4 valtakunnallisia koulutustapahtumia. Vuosittain j\u00e4rjestett\u00e4v\u00e4 Pro Rexi ker\u00e4\u00e4 satoja rehtoreita yhteen k\u00e4sittelem\u00e4\u00e4n ajankohtaisia aiheita. J\u00e4rjest\u00f6 tarjoaa my\u00f6s alueelliset rehtori- ja johtajuusp\u00e4iv\u00e4t, koulutusta ylioppilastutkinnosta ja on mukana Educa-messuilla. J\u00e4senet saavat koulutukset muita edullisemmin.<\/p>\n\n\n\n<p>Rexi-lehti tarjoaa ajankohtaista tietoa koulunjohtamiseen liittyvist\u00e4 asioista ja tutkimustuloksista rehtoreiden n\u00e4k\u00f6kulmasta. Voit seurata nopeita reagointeja sosiaalisessa mediassa ja lukea taustatiedot j\u00e4senkirjeest\u00e4.<\/p>\n\n\n\n<p>J\u00e4senasioissa sinua palvelee SUREn toimisto. J\u00e4rjest\u00f6sihteeri ja hallituksen j\u00e4senet ovat k\u00e4ytett\u00e4viss\u00e4si auttamaan ammattiin liittyviss\u00e4 ongelmissa. Lis\u00e4ksi tarjoamme ammatillisen oikeusturva- ja vastuuvakuutuksen ja juridinen asiantuntijapalvelu, jotka tuovat turvaa ja tukea arkeen.<\/p>\n\n\n\n<h4 class=\"wp-block-heading\"><strong>Varf\u00f6r skall du \u00f6verv\u00e4ga att bli medlem i Finlands Rektorer?<\/strong><\/h4>\n\n\n\n<p>Rektorsrollen skiljer sig fr\u00e5n l\u00e4rarrollen p\u00e5 grund av det begr\u00e4nsade kollegiala samspelet. En skola kan ha flera l\u00e4rare, men har oftast bara en rektor. Genom att g\u00e5 med i Finlands rektorer, SureFire, kan du som rektor utvidga ditt n\u00e4tverk av kollegor ocks\u00e5 utanf\u00f6r din egen kommun. Rektors b\u00e4sta st\u00f6d \u00e4r en annan rektor.<\/p>\n\n\n\n<p>De lokala f\u00f6reningarna erbjuder dig som medlem intressanta evenemang n\u00e4ra dig. N\u00e4r du blir medlem i SureFire blir du ocks\u00e5 medlem i din egen lokala f\u00f6rening.<\/p>\n\n\n\n<p>SureFire fungerar som intressebevakare f\u00f6r rektorer och bitr\u00e4dande rektorer och p\u00e5verkar aktivt utbildningspolitiken i v\u00e5rt land p\u00e5 m\u00e5nga olika s\u00e4tt. Vi deltar n\u00e4stan utan undantag i de viktigaste arbetsgrupperna och lagstiftningsprocesserna som formar utbildningen. Det g\u00f6r vi genom att representera v\u00e5ra medlemmar och avge utl\u00e5tanden. Vi g\u00f6r oss \u00e4ven h\u00f6rda i medierna. Om du vill h\u00e5lla dig uppdaterad om och p\u00e5verka utvecklingen inom utbildningen \u00e4r SureFire den b\u00e4sta kanalen f\u00f6r att g\u00f6ra det.<\/p>\n\n\n\n<p>SureFire anordnar nationella utbildningsevenemang. Pro Rexi som ordnas varje \u00e5r samlar hundratals rektorer f\u00f6r att behandla aktuella fr\u00e5gor. Organisationen deltar i Educa-m\u00e4ssan, erbjuder regionala rektors- och ledarskapsdagar, samt fortbildning om studentexamen. Medlemmar f\u00e5r fortbildningarna till ett reducerat pris.<\/p>\n\n\n\n<p>Tidningen Rexi erbjuder aktuell information om fr\u00e5gor kring skolledarskap och forskningsresultat ur rektorernas perspektiv. Du kan f\u00f6lja snabba reaktioner p\u00e5 sociala medier och l\u00e4sa bakgrundsinformation i nyhetsbrevet f\u00f6r medlemmarna.<\/p>\n\n\n\n<p>I medlemsfr\u00e5gor kan du kontakta SureFire:s kontor. Organisationssekreteraren och medlemmarna i styrelsen finns tillg\u00e4ngliga f\u00f6r att hj\u00e4lpa dig med problem som r\u00f6r ditt yrke. Vi erbjuder ocks\u00e5 en professionell r\u00e4tts- och ansvarsf\u00f6rs\u00e4kring, samt en juridisk r\u00e5dgivningstj\u00e4nst som ger dig trygghet och st\u00f6d i din vardag.<\/p>\n\n\n\n<p><\/p>\n","protected":false},"excerpt":{"rendered":"<p>N\u00e4in liityt j\u00e4seneksi Suomen Rehtorit ry:n varsinaisen j\u00e4senen j\u00e4senmaksu vuodelle 2026 on 135 euroa ja kannatusj\u00e4senmaksu (esim. seniorit ja toisen alueyhdistyksen j\u00e4sen) on 20 euroa. J\u00e4senmaksulla varsinaisena j\u00e4senen\u00e4 saat kaikki SUREn j\u00e4senedut. J\u00e4senmaksu maksetaan vuosittain laskulla, joka toimitetaan kaikille j\u00e4senille s\u00e4hk\u00f6postilla. J\u00e4senhakemus Klikkaa linkki\u00e4 ja j\u00e4senhakemus avautuu uuteen ikkunaan. https:\/\/avoine.formstack.com\/forms\/rehtorit HUOM! Jos haet kannatusj\u00e4seneksi (toisen &#8230; <a title=\"Liity j\u00e4seneksi\" class=\"read-more\" href=\"https:\/\/suomenrehtorit.fi\/web\/jasenyys\/liity-jaseneksi\/\" aria-label=\"Lue lis\u00e4\u00e4 aiheesta Liity j\u00e4seneksi\">Lue lis\u00e4\u00e4<\/a><\/p>\n","protected":false},"author":2,"featured_media":0,"parent":189,"menu_order":0,"comment_status":"closed","ping_status":"closed","template":"","meta":{"_uag_custom_page_level_css":"","_mc_calendar":[],"footnotes":""},"class_list":["post-193","page","type-page","status-publish"],"uagb_featured_image_src":{"full":false,"thumbnail":false,"medium":false,"medium_large":false,"large":false,"magazine-cw3":false,"magazine-cw6":false,"magazine-cw9":false,"magazine-cw12":false,"magazine-thumb":false,"magazine-toc":false,"1536x1536":false,"2048x2048":false,"gform-image-choice-sm":false,"gform-image-choice-md":false,"gform-image-choice-lg":false},"uagb_author_info":{"display_name":"Miira Tirkkonen","author_link":"https:\/\/suomenrehtorit.fi\/web\/author\/miirat\/"},"uagb_comment_info":0,"uagb_excerpt":"N\u00e4in liityt j\u00e4seneksi Suomen Rehtorit ry:n varsinaisen j\u00e4senen j\u00e4senmaksu vuodelle 2026 on 135 euroa ja kannatusj\u00e4senmaksu (esim. seniorit ja toisen alueyhdistyksen j\u00e4sen) on 20 euroa. J\u00e4senmaksulla varsinaisena j\u00e4senen\u00e4 saat kaikki SUREn j\u00e4senedut. J\u00e4senmaksu maksetaan vuosittain laskulla, joka toimitetaan kaikille j\u00e4senille s\u00e4hk\u00f6postilla. J\u00e4senhakemus Klikkaa linkki\u00e4 ja j\u00e4senhakemus avautuu uuteen ikkunaan. https:\/\/avoine.formstack.com\/forms\/rehtorit HUOM! Jos haet kannatusj\u00e4seneksi (toisen&hellip;","_links":{"self":[{"href":"https:\/\/suomenrehtorit.fi\/web\/wp-json\/wp\/v2\/pages\/193","targetHints":{"allow":["GET"]}}],"collection":[{"href":"https:\/\/suomenrehtorit.fi\/web\/wp-json\/wp\/v2\/pages"}],"about":[{"href":"https:\/\/suomenrehtorit.fi\/web\/wp-json\/wp\/v2\/types\/page"}],"author":[{"embeddable":true,"href":"https:\/\/suomenrehtorit.fi\/web\/wp-json\/wp\/v2\/users\/2"}],"replies":[{"embeddable":true,"href":"https:\/\/suomenrehtorit.fi\/web\/wp-json\/wp\/v2\/comments?post=193"}],"version-history":[{"count":30,"href":"https:\/\/suomenrehtorit.fi\/web\/wp-json\/wp\/v2\/pages\/193\/revisions"}],"predecessor-version":[{"id":5253,"href":"https:\/\/suomenrehtorit.fi\/web\/wp-json\/wp\/v2\/pages\/193\/revisions\/5253"}],"up":[{"embeddable":true,"href":"https:\/\/suomenrehtorit.fi\/web\/wp-json\/wp\/v2\/pages\/189"}],"wp:attachment":[{"href":"https:\/\/suomenrehtorit.fi\/web\/wp-json\/wp\/v2\/media?parent=193"}],"curies":[{"name":"wp","href":"https:\/\/api.w.org\/{rel}","templated":true}]}}