{"id":4578,"date":"2025-03-17T09:56:36","date_gmt":"2025-03-17T07:56:36","guid":{"rendered":"https:\/\/suomenrehtorit.fi\/web\/?page_id=4578"},"modified":"2025-03-17T09:56:36","modified_gmt":"2025-03-17T07:56:36","slug":"jasentietojen-paivitys","status":"publish","type":"page","link":"https:\/\/suomenrehtorit.fi\/web\/jasentietojen-paivitys\/","title":{"rendered":"J\u00e4sentietojen p\u00e4ivitys"},"content":{"rendered":"\n<p>Muistathan pit\u00e4\u00e4 j\u00e4sentietosi ajan tasalla, niin saat varmasti kaikki viestimme. Huomaathan, ett\u00e4 emme saa automaattisesti tietoa esimerkiksi ty\u00f6nantajan vaihtumisesta, palkattomista jaksoista tai el\u00e4kkeelle siirtymisest\u00e4. Huomioi, ett\u00e4 voit p\u00e4ivitt\u00e4\u00e4 itse vain osan tiedoistasi. Muiden osalta l\u00e4het\u00e4 uudet tiedot <a href=\"mailto:toni.lehtinen@suomenrehtorit.fi\" target=\"_blank\" rel=\"noreferrer noopener\">j\u00e4rjest\u00f6sihteerille<\/a><\/p>\n\n\n\n<p><a href=\"https:\/\/oma.suomenrehtorit.fi\/\" target=\"_blank\" rel=\"noreferrer noopener\"><strong>T\u00e4st\u00e4 p\u00e4\u00e4set tarkistamaan ja p\u00e4ivitt\u00e4m\u00e4\u00e4n j\u00e4sentietosi.<\/strong><\/a><\/p>\n\n\n\n<p><\/p>\n","protected":false},"excerpt":{"rendered":"<p>Muistathan pit\u00e4\u00e4 j\u00e4sentietosi ajan tasalla, niin saat varmasti kaikki viestimme. Huomaathan, ett\u00e4 emme saa automaattisesti tietoa esimerkiksi ty\u00f6nantajan vaihtumisesta, palkattomista jaksoista tai el\u00e4kkeelle siirtymisest\u00e4. Huomioi, ett\u00e4 voit p\u00e4ivitt\u00e4\u00e4 itse vain osan tiedoistasi. Muiden osalta l\u00e4het\u00e4 uudet tiedot j\u00e4rjest\u00f6sihteerille T\u00e4st\u00e4 p\u00e4\u00e4set tarkistamaan ja p\u00e4ivitt\u00e4m\u00e4\u00e4n j\u00e4sentietosi.<\/p>\n","protected":false},"author":3,"featured_media":0,"parent":0,"menu_order":0,"comment_status":"closed","ping_status":"closed","template":"","meta":{"_uag_custom_page_level_css":"","_mc_calendar":[],"footnotes":""},"class_list":["post-4578","page","type-page","status-publish"],"uagb_featured_image_src":{"full":false,"thumbnail":false,"medium":false,"medium_large":false,"large":false,"magazine-cw3":false,"magazine-cw6":false,"magazine-cw9":false,"magazine-cw12":false,"magazine-thumb":false,"magazine-toc":false,"1536x1536":false,"2048x2048":false,"gform-image-choice-sm":false,"gform-image-choice-md":false,"gform-image-choice-lg":false},"uagb_author_info":{"display_name":"Admin","author_link":"https:\/\/suomenrehtorit.fi\/web\/author\/toni-lehtinen\/"},"uagb_comment_info":0,"uagb_excerpt":"Muistathan pit\u00e4\u00e4 j\u00e4sentietosi ajan tasalla, niin saat varmasti kaikki viestimme. Huomaathan, ett\u00e4 emme saa automaattisesti tietoa esimerkiksi ty\u00f6nantajan vaihtumisesta, palkattomista jaksoista tai el\u00e4kkeelle siirtymisest\u00e4. Huomioi, ett\u00e4 voit p\u00e4ivitt\u00e4\u00e4 itse vain osan tiedoistasi. Muiden osalta l\u00e4het\u00e4 uudet tiedot j\u00e4rjest\u00f6sihteerille T\u00e4st\u00e4 p\u00e4\u00e4set tarkistamaan ja p\u00e4ivitt\u00e4m\u00e4\u00e4n j\u00e4sentietosi.","_links":{"self":[{"href":"https:\/\/suomenrehtorit.fi\/web\/wp-json\/wp\/v2\/pages\/4578","targetHints":{"allow":["GET"]}}],"collection":[{"href":"https:\/\/suomenrehtorit.fi\/web\/wp-json\/wp\/v2\/pages"}],"about":[{"href":"https:\/\/suomenrehtorit.fi\/web\/wp-json\/wp\/v2\/types\/page"}],"author":[{"embeddable":true,"href":"https:\/\/suomenrehtorit.fi\/web\/wp-json\/wp\/v2\/users\/3"}],"replies":[{"embeddable":true,"href":"https:\/\/suomenrehtorit.fi\/web\/wp-json\/wp\/v2\/comments?post=4578"}],"version-history":[{"count":1,"href":"https:\/\/suomenrehtorit.fi\/web\/wp-json\/wp\/v2\/pages\/4578\/revisions"}],"predecessor-version":[{"id":4579,"href":"https:\/\/suomenrehtorit.fi\/web\/wp-json\/wp\/v2\/pages\/4578\/revisions\/4579"}],"wp:attachment":[{"href":"https:\/\/suomenrehtorit.fi\/web\/wp-json\/wp\/v2\/media?parent=4578"}],"curies":[{"name":"wp","href":"https:\/\/api.w.org\/{rel}","templated":true}]}}