{"id":50,"date":"2023-04-17T07:15:03","date_gmt":"2023-04-17T07:15:03","guid":{"rendered":"https:\/\/suomenrehtorit.fi\/web\/?page_id=50"},"modified":"2025-06-16T12:02:12","modified_gmt":"2025-06-16T09:02:12","slug":"mika-suomen-rehtorit-on","status":"publish","type":"page","link":"https:\/\/suomenrehtorit.fi\/web\/suomen-rehtorit-ry\/mika-suomen-rehtorit-on\/","title":{"rendered":"Mik\u00e4 Suomen Rehtorit on?"},"content":{"rendered":"\n<p>Suomen Rehtorit ry \u2013 Finlands Rektorer rf on koulujen, oppilaitosten ja opetustoimen johtoteht\u00e4viss\u00e4 toimivien ammattilaisten&nbsp;etuj\u00e4rjest\u00f6. Se&nbsp;on perustettu 6.3.1950, jolloin yhdistyksen nimi oli Suomen oppikoulujen rehtorien yhdistys. 29.1.1975 nimeksi tuli Suomen Rehtorit ry.<\/p>\n\n\n<div class=\"wp-block-image\">\n<figure class=\"alignright size-medium\"><a href=\"https:\/\/www.esitteemme.fi\/suomenrehtorit\/WebView\" target=\"_blank\" rel=\"noreferrer noopener\"><img loading=\"lazy\" decoding=\"async\" width=\"212\" height=\"300\" src=\"https:\/\/suomenrehtorit.fi\/web\/wp-content\/uploads\/sites\/2\/2024\/01\/Esitekuvake_suomi-1-212x300.jpg\" alt=\"\" class=\"wp-image-3933\" srcset=\"https:\/\/suomenrehtorit.fi\/web\/wp-content\/uploads\/sites\/2\/2024\/01\/Esitekuvake_suomi-1-212x300.jpg 212w, https:\/\/suomenrehtorit.fi\/web\/wp-content\/uploads\/sites\/2\/2024\/01\/Esitekuvake_suomi-1-252x357.jpg 252w, https:\/\/suomenrehtorit.fi\/web\/wp-content\/uploads\/sites\/2\/2024\/01\/Esitekuvake_suomi-1.jpg 400w\" sizes=\"auto, (max-width: 212px) 100vw, 212px\" \/><\/a><\/figure><\/div>\n\n<div class=\"wp-block-image\">\n<figure class=\"alignright size-medium\"><a href=\"https:\/\/www.esitteemme.fi\/finlandsrektorer\/WebView \" target=\"_blank\" rel=\"noreferrer noopener\"><img loading=\"lazy\" decoding=\"async\" width=\"212\" height=\"300\" src=\"https:\/\/suomenrehtorit.fi\/web\/wp-content\/uploads\/sites\/2\/2024\/01\/Esitekuvake_ruotsi-212x300.jpg\" alt=\"\" class=\"wp-image-3935\" srcset=\"https:\/\/suomenrehtorit.fi\/web\/wp-content\/uploads\/sites\/2\/2024\/01\/Esitekuvake_ruotsi-212x300.jpg 212w, https:\/\/suomenrehtorit.fi\/web\/wp-content\/uploads\/sites\/2\/2024\/01\/Esitekuvake_ruotsi-252x357.jpg 252w, https:\/\/suomenrehtorit.fi\/web\/wp-content\/uploads\/sites\/2\/2024\/01\/Esitekuvake_ruotsi.jpg 400w\" sizes=\"auto, (max-width: 212px) 100vw, 212px\" \/><\/a><\/figure><\/div>\n\n\n<p>Yhdistys toimii j\u00e4sentens\u00e4 hallinnollisen ja pedagogisen ammattitaidon ja -tiedon lis\u00e4\u00e4miseksi, valvoo heid\u00e4n yhteisi\u00e4 ammatillisia ja palkkauksellisia etujaan sek\u00e4 vaikuttaa koulutuspoliittisiin ratkaisuihin.<\/p>\n\n\n\n<p>Suomen Rehtorit ry on j\u00e4senen\u00e4 seuraavissa <a href=\"https:\/\/suomenrehtorit.fi\/web\/kansainvalisyys\/\" data-type=\"page\" data-id=\"58\">kansainv\u00e4lisiss\u00e4 j\u00e4rjest\u00f6iss\u00e4<\/a> ja osallistuu j\u00e4rjest\u00f6jen p\u00e4\u00e4t\u00f6ksentekoon, vuosittaisiin kokouksiin ja konferensseihin:<\/p>\n\n\n\n<ul class=\"wp-block-list\">\n<li>Pohjoismainen rehtorij\u00e4rjest\u00f6, Nordisk Skolledarforum, NSF<\/li>\n\n\n\n<li>Euroopan rehtorij\u00e4rjest\u00f6, European School Heads Association, ESHA<\/li>\n\n\n\n<li>Maailman rehtorij\u00e4rjest\u00f6, International Confederation of Principals, ICP<\/li>\n<\/ul>\n\n\n\n<p class=\"has-text-align-right\">Tutustu esitteeseemme. L\u00e4s v\u00e5r broschyr.<\/p>\n\n\n\n<h2 class=\"wp-block-heading\">Luotettava yhteisty\u00f6kumppani<\/h2>\n\n\n\n<p>Suomen Rehtorit ry:n keskeisi\u00e4 yhteisty\u00f6kumppaneita ovat opetus- ja kulttuuriministeri\u00f6, Opetushallitus, Opetusalan ammattij\u00e4rjest\u00f6 OAJ ja Kuntaliitto. Lis\u00e4ksi SURE tekee yhteisty\u00f6t\u00e4 koulutusalan muiden j\u00e4rjest\u00f6jen ja elinkeinoel\u00e4m\u00e4n kanssa.<\/p>\n\n\n\n<p>Opetushallitus on jo vuosikausia ollut merkitt\u00e4v\u00e4 SUREn yhteisty\u00f6kumppani kaikissa koulutuksen ja kasvatuksen asioissa.<\/p>\n\n\n\n<p>SURE on luotettava kumppani niin rehtorikoulutukseen kuin koulujen ja kasvatuksen sek\u00e4 opetuksen asiantuntijuuteen liittyviss\u00e4 kysymyksiss\u00e4 monilla eri foorumeilla.<\/p>\n\n\n\n<h2 class=\"wp-block-heading\">23 alueyhdistyst\u00e4 j\u00e4rjest\u00f6n perustana<\/h2>\n\n\n\n<p>J\u00e4rjest\u00f6n muodostavat 23 alueyhdistyst\u00e4. Korkeinta p\u00e4\u00e4t\u00f6svaltaa k\u00e4ytt\u00e4\u00e4 kerran vuodessa kokoontuva vuosikokous. Toimeenpanovaltaa k\u00e4ytt\u00e4\u00e4 kahdeksi vuodeksi valittava <a href=\"https:\/\/suomenrehtorit.fi\/web\/hallitus\/\" data-type=\"page\" data-id=\"54\">hallitus<\/a>.<\/p>\n\n\n\n<p>Alueyhdistykset valitsevat varsinaisissa kokouksessaan j\u00e4senist\u00f6st\u00e4\u00e4n vuosikokousedustajat. Vuosikokouksessa hyv\u00e4ksyt\u00e4\u00e4n edellisen vuoden toimintakertomus ja tilinp\u00e4\u00e4t\u00f6s sek\u00e4 seuraavan vuoden toimintasuunnitelma ja talousarvio.<\/p>\n","protected":false},"excerpt":{"rendered":"<p>Suomen Rehtorit ry \u2013 Finlands Rektorer rf on koulujen, oppilaitosten ja opetustoimen johtoteht\u00e4viss\u00e4 toimivien ammattilaisten&nbsp;etuj\u00e4rjest\u00f6. Se&nbsp;on perustettu 6.3.1950, jolloin yhdistyksen nimi oli Suomen oppikoulujen rehtorien yhdistys. 29.1.1975 nimeksi tuli Suomen Rehtorit ry. Yhdistys toimii j\u00e4sentens\u00e4 hallinnollisen ja pedagogisen ammattitaidon ja -tiedon lis\u00e4\u00e4miseksi, valvoo heid\u00e4n yhteisi\u00e4 ammatillisia ja palkkauksellisia etujaan sek\u00e4 vaikuttaa koulutuspoliittisiin ratkaisuihin. Suomen Rehtorit &#8230; <a title=\"Mik\u00e4 Suomen Rehtorit on?\" class=\"read-more\" href=\"https:\/\/suomenrehtorit.fi\/web\/suomen-rehtorit-ry\/mika-suomen-rehtorit-on\/\" aria-label=\"Lue lis\u00e4\u00e4 aiheesta Mik\u00e4 Suomen Rehtorit on?\">Lue lis\u00e4\u00e4<\/a><\/p>\n","protected":false},"author":2,"featured_media":0,"parent":274,"menu_order":0,"comment_status":"closed","ping_status":"closed","template":"","meta":{"_uag_custom_page_level_css":"","_mc_calendar":[],"footnotes":""},"class_list":["post-50","page","type-page","status-publish"],"uagb_featured_image_src":{"full":false,"thumbnail":false,"medium":false,"medium_large":false,"large":false,"magazine-cw3":false,"magazine-cw6":false,"magazine-cw9":false,"magazine-cw12":false,"magazine-thumb":false,"magazine-toc":false,"1536x1536":false,"2048x2048":false,"gform-image-choice-sm":false,"gform-image-choice-md":false,"gform-image-choice-lg":false},"uagb_author_info":{"display_name":"Miira Tirkkonen","author_link":"https:\/\/suomenrehtorit.fi\/web\/author\/miirat\/"},"uagb_comment_info":0,"uagb_excerpt":"Suomen Rehtorit ry \u2013 Finlands Rektorer rf on koulujen, oppilaitosten ja opetustoimen johtoteht\u00e4viss\u00e4 toimivien ammattilaisten&nbsp;etuj\u00e4rjest\u00f6. Se&nbsp;on perustettu 6.3.1950, jolloin yhdistyksen nimi oli Suomen oppikoulujen rehtorien yhdistys. 29.1.1975 nimeksi tuli Suomen Rehtorit ry. Yhdistys toimii j\u00e4sentens\u00e4 hallinnollisen ja pedagogisen ammattitaidon ja -tiedon lis\u00e4\u00e4miseksi, valvoo heid\u00e4n yhteisi\u00e4 ammatillisia ja palkkauksellisia etujaan sek\u00e4 vaikuttaa koulutuspoliittisiin ratkaisuihin. Suomen Rehtorit&hellip;","_links":{"self":[{"href":"https:\/\/suomenrehtorit.fi\/web\/wp-json\/wp\/v2\/pages\/50","targetHints":{"allow":["GET"]}}],"collection":[{"href":"https:\/\/suomenrehtorit.fi\/web\/wp-json\/wp\/v2\/pages"}],"about":[{"href":"https:\/\/suomenrehtorit.fi\/web\/wp-json\/wp\/v2\/types\/page"}],"author":[{"embeddable":true,"href":"https:\/\/suomenrehtorit.fi\/web\/wp-json\/wp\/v2\/users\/2"}],"replies":[{"embeddable":true,"href":"https:\/\/suomenrehtorit.fi\/web\/wp-json\/wp\/v2\/comments?post=50"}],"version-history":[{"count":6,"href":"https:\/\/suomenrehtorit.fi\/web\/wp-json\/wp\/v2\/pages\/50\/revisions"}],"predecessor-version":[{"id":4770,"href":"https:\/\/suomenrehtorit.fi\/web\/wp-json\/wp\/v2\/pages\/50\/revisions\/4770"}],"up":[{"embeddable":true,"href":"https:\/\/suomenrehtorit.fi\/web\/wp-json\/wp\/v2\/pages\/274"}],"wp:attachment":[{"href":"https:\/\/suomenrehtorit.fi\/web\/wp-json\/wp\/v2\/media?parent=50"}],"curies":[{"name":"wp","href":"https:\/\/api.w.org\/{rel}","templated":true}]}}