{"id":60,"date":"2023-04-17T07:16:24","date_gmt":"2023-04-17T07:16:24","guid":{"rendered":"https:\/\/suomenrehtorit.fi\/web\/?page_id=60"},"modified":"2025-01-26T13:49:26","modified_gmt":"2025-01-26T11:49:26","slug":"historia","status":"publish","type":"page","link":"https:\/\/suomenrehtorit.fi\/web\/suomen-rehtorit-ry\/historia\/","title":{"rendered":"Historia"},"content":{"rendered":"\n<p><strong>1940-luku<\/strong><br>Suomalaisen rehtorikunnan j\u00e4rjest\u00e4ytymisen alku sijoittuu 1940-luvun loppuun, ja toiminnan katsotaan k\u00e4ynnistyneen vuonna 1949.<\/p>\n\n\n\n<p><strong>1950-luku<\/strong><br>Yhdistysrekisteri hyv\u00e4ksyi \u201dSuomen oppikoulujen rehtoriyhdistyksen\u201d s\u00e4\u00e4nn\u00f6t 6.3.1950. T\u00e4m\u00e4 ajankohta liitt\u00e4\u00e4 suomalaisen rehtorikunnan maailman vanhimpien rehtoriyhdistysten joukkoon.<\/p>\n\n\n\n<p><strong>1960-luku<\/strong><br>Toiminta alkoi tiivisty\u00e4 1960-luvulla, kun rehtoreiden valtakunnalliset opintop\u00e4iv\u00e4t vakiintuivat ja paikallisyhdistyksi\u00e4 alettiin perustaa. Ensimm\u00e4inen paikallisyhdistys, HESERY (my\u00f6hemmin HESERE ry.), aloitti toimintansa 1967.<\/p>\n\n\n\n<p><strong>1970-luku<\/strong><br>Kouluj\u00e4rjestelm\u00e4n muutos 1970-luvulla toi paineita tarkistaa rehtoriyhdistyksen rakennetta. Uuden kouluj\u00e4rjestelm\u00e4n pohjalta rakentui yksi, yleissivist\u00e4vien koulujen yhteinen rehtorij\u00e4rjest\u00f6 Suomen Rehtorit ry \u2013 Finlands Rektorer rf, jonka perustamisajankohtana pidet\u00e4\u00e4n 11.12.1974. Yhdistysrekisterin vahvistus uusille s\u00e4\u00e4nn\u00f6ille saatiin 10.1.1975.<\/p>\n\n\n\n<p>SURE-FIREn muodostivat suomen- ja ruotsinkieliset peruskoulujen ja lukioiden rehtorit sek\u00e4 ilta- ja harjoittelukoulujen rehtorit. Yhdistyksen alueellisena runkona olivat alue- ja paikallisyhdistykset, joita on ollut enimmill\u00e4\u00e4n 25.<\/p>\n\n\n\n<h2 class=\"wp-block-heading\">SURE-FIREn puheenjohtajat<\/h2>\n\n\n\n<ul class=\"wp-block-list\">\n<li>Heikki Niemel\u00e4 1974\u201380<\/li>\n\n\n\n<li>Antero Penttil\u00e4 1981\u201398<\/li>\n\n\n\n<li>Jorma Lempinen 1999\u20132007<\/li>\n\n\n\n<li>Peter Johnson 2007\u20132008<\/li>\n\n\n\n<li>Ari Pokka 2009\u20132013<\/li>\n\n\n\n<li>Riikka Lindroos 2013\u20132017<\/li>\n\n\n\n<li>Antti Ikonen 2017\u20132025<\/li>\n\n\n\n<li>P\u00e4ivi Ikola 2025-<\/li>\n<\/ul>\n\n\n\n<h2 class=\"wp-block-heading\">SURE-FIREn kunniaj\u00e4senet<\/h2>\n\n\n\n<ul class=\"wp-block-list\">\n<li>Professori Jouko Teperi<\/li>\n\n\n\n<li>Kouluneuvos Heikki Niemel\u00e4<\/li>\n\n\n\n<li>Kouluneuvos Antero Penttil\u00e4<\/li>\n\n\n\n<li>Kouluneuvos Jorma Lempinen<\/li>\n<\/ul>\n","protected":false},"excerpt":{"rendered":"<p>1940-lukuSuomalaisen rehtorikunnan j\u00e4rjest\u00e4ytymisen alku sijoittuu 1940-luvun loppuun, ja toiminnan katsotaan k\u00e4ynnistyneen vuonna 1949. 1950-lukuYhdistysrekisteri hyv\u00e4ksyi \u201dSuomen oppikoulujen rehtoriyhdistyksen\u201d s\u00e4\u00e4nn\u00f6t 6.3.1950. T\u00e4m\u00e4 ajankohta liitt\u00e4\u00e4 suomalaisen rehtorikunnan maailman vanhimpien rehtoriyhdistysten joukkoon. 1960-lukuToiminta alkoi tiivisty\u00e4 1960-luvulla, kun rehtoreiden valtakunnalliset opintop\u00e4iv\u00e4t vakiintuivat ja paikallisyhdistyksi\u00e4 alettiin perustaa. Ensimm\u00e4inen paikallisyhdistys, HESERY (my\u00f6hemmin HESERE ry.), aloitti toimintansa 1967. 1970-lukuKouluj\u00e4rjestelm\u00e4n muutos 1970-luvulla toi &#8230; <a title=\"Historia\" class=\"read-more\" href=\"https:\/\/suomenrehtorit.fi\/web\/suomen-rehtorit-ry\/historia\/\" aria-label=\"Lue lis\u00e4\u00e4 aiheesta Historia\">Lue lis\u00e4\u00e4<\/a><\/p>\n","protected":false},"author":2,"featured_media":0,"parent":274,"menu_order":0,"comment_status":"closed","ping_status":"closed","template":"","meta":{"_uag_custom_page_level_css":"","_mc_calendar":[],"footnotes":""},"class_list":["post-60","page","type-page","status-publish"],"uagb_featured_image_src":{"full":false,"thumbnail":false,"medium":false,"medium_large":false,"large":false,"magazine-cw3":false,"magazine-cw6":false,"magazine-cw9":false,"magazine-cw12":false,"magazine-thumb":false,"magazine-toc":false,"1536x1536":false,"2048x2048":false,"gform-image-choice-sm":false,"gform-image-choice-md":false,"gform-image-choice-lg":false},"uagb_author_info":{"display_name":"Miira Tirkkonen","author_link":"https:\/\/suomenrehtorit.fi\/web\/author\/miirat\/"},"uagb_comment_info":0,"uagb_excerpt":"1940-lukuSuomalaisen rehtorikunnan j\u00e4rjest\u00e4ytymisen alku sijoittuu 1940-luvun loppuun, ja toiminnan katsotaan k\u00e4ynnistyneen vuonna 1949. 1950-lukuYhdistysrekisteri hyv\u00e4ksyi \u201dSuomen oppikoulujen rehtoriyhdistyksen\u201d s\u00e4\u00e4nn\u00f6t 6.3.1950. T\u00e4m\u00e4 ajankohta liitt\u00e4\u00e4 suomalaisen rehtorikunnan maailman vanhimpien rehtoriyhdistysten joukkoon. 1960-lukuToiminta alkoi tiivisty\u00e4 1960-luvulla, kun rehtoreiden valtakunnalliset opintop\u00e4iv\u00e4t vakiintuivat ja paikallisyhdistyksi\u00e4 alettiin perustaa. Ensimm\u00e4inen paikallisyhdistys, HESERY (my\u00f6hemmin HESERE ry.), aloitti toimintansa 1967. 1970-lukuKouluj\u00e4rjestelm\u00e4n muutos 1970-luvulla toi&hellip;","_links":{"self":[{"href":"https:\/\/suomenrehtorit.fi\/web\/wp-json\/wp\/v2\/pages\/60","targetHints":{"allow":["GET"]}}],"collection":[{"href":"https:\/\/suomenrehtorit.fi\/web\/wp-json\/wp\/v2\/pages"}],"about":[{"href":"https:\/\/suomenrehtorit.fi\/web\/wp-json\/wp\/v2\/types\/page"}],"author":[{"embeddable":true,"href":"https:\/\/suomenrehtorit.fi\/web\/wp-json\/wp\/v2\/users\/2"}],"replies":[{"embeddable":true,"href":"https:\/\/suomenrehtorit.fi\/web\/wp-json\/wp\/v2\/comments?post=60"}],"version-history":[{"count":3,"href":"https:\/\/suomenrehtorit.fi\/web\/wp-json\/wp\/v2\/pages\/60\/revisions"}],"predecessor-version":[{"id":4480,"href":"https:\/\/suomenrehtorit.fi\/web\/wp-json\/wp\/v2\/pages\/60\/revisions\/4480"}],"up":[{"embeddable":true,"href":"https:\/\/suomenrehtorit.fi\/web\/wp-json\/wp\/v2\/pages\/274"}],"wp:attachment":[{"href":"https:\/\/suomenrehtorit.fi\/web\/wp-json\/wp\/v2\/media?parent=60"}],"curies":[{"name":"wp","href":"https:\/\/api.w.org\/{rel}","templated":true}]}}