{"id":26,"date":"2023-05-25T05:26:58","date_gmt":"2023-05-25T05:26:58","guid":{"rendered":"https:\/\/suomenrehtorit.fi\/yksityiskoulujen-rehtorit-ry\/?page_id=26"},"modified":"2025-07-28T08:39:25","modified_gmt":"2025-07-28T05:39:25","slug":"toimintasuunnitelma","status":"publish","type":"page","link":"https:\/\/suomenrehtorit.fi\/yksityiskoulujen-rehtorit-ry\/yksityiskoulujen-rehtorit-ry\/toimintasuunnitelma\/","title":{"rendered":"Toimintasuunnitelma"},"content":{"rendered":"\n<p><strong>Yksityiskoulujen Rehtorit ry:n toimintasuunnitelma vuodelle 2025<\/strong><\/p>\n\n\n\n<p><strong>1. KOULUTUSPOLITIIKKA<\/strong><\/p>\n\n\n\n<p>Yhdistys tekee yhteisty\u00f6t\u00e4 Suomen Rehtorit ry:n, Yksityiskoulujen Liitto ry:n ja Helsingin Yksityisoppikoulut ry:n kanssa ja tekee tarvittaessa esityksi\u00e4 ja kannanottoja.<\/p>\n\n\n\n<p>Yhdistys seuraa perusopetuksen ja lukion opetussuunnitelmien toimivuutta sek\u00e4 koulutuksen kehitt\u00e4mist\u00e4 ja tekee tarvittaessa kannanottoja.<\/p>\n\n\n\n<p><strong>2. OSAAMISEN JA VERKOTTUMISEN TUKEMINEN<\/strong><\/p>\n\n\n\n<p>Yhdistys edist\u00e4\u00e4 yksityiskoulujen rehtorien, apulaisrehtorien ja muissa johtoteht\u00e4viss\u00e4 ty\u00f6skentelevien osaamisen kehittymist\u00e4 j\u00e4rjest\u00e4m\u00e4ll\u00e4 koulutustilaisuuksia. Samalla rakennetaan verkostoja, joiden kautta jaetaan asiantuntemusta. Yhdistys tarjoaa mahdollisuutta mentorointiin j\u00e4sentens\u00e4 v\u00e4lill\u00e4.<\/p>\n\n\n\n<p><strong>3. HYVINVOINNIN TUKEMINEN<\/strong><\/p>\n\n\n\n<p>Yhdistys tukee j\u00e4sentens\u00e4 hyvinvointia j\u00e4rjest\u00e4m\u00e4ll\u00e4 mm. vierailuja sek\u00e4 kulttuuri- ja liikuntatapahtumia. Yhdistys vahvistaa seniorij\u00e4senten toimintaa ja osallisuutta yhdistyksess\u00e4.<\/p>\n\n\n\n<p><strong>4. YHTEISTY\u00d6TAHOT<\/strong><\/p>\n\n\n\n<p>Yhdistyksen yhteisty\u00f6kumppaneita ovat Suomen Rehtorit ry \u2013 Finlands Rektorer rf sek\u00e4 sen alueyhdistykset, Yksityiskoulujen Liitto ry, Helsingin Yksityisoppikoulut ry, Sivistysala ry, valtion opetusalan organisaatiot sek\u00e4 yritysten edustajat.<\/p>\n\n\n\n<p><strong>5. TIEDOTTAMINEN<\/strong><\/p>\n\n\n\n<p>Yhdistyksen toiminnasta tiedotetaan p\u00e4\u00e4osin s\u00e4hk\u00f6postitse puheenjohtajan sek\u00e4 yhdistyksen tiedotusvastaavan kautta.<\/p>\n\n\n\n<p>Yhdistys voi hy\u00f6dynt\u00e4\u00e4 my\u00f6s sosiaalista mediaa sen eri muodoissa.<\/p>\n\n\n\n<p>Uusia j\u00e4seni\u00e4 rekrytoidaan erilaisten tapahtumien yhteydess\u00e4 sek\u00e4 henkil\u00f6kohtaisella rekrytoinnilla.<\/p>\n","protected":false},"excerpt":{"rendered":"<p>Yksityiskoulujen Rehtorit ry:n toimintasuunnitelma vuodelle 2025 1. KOULUTUSPOLITIIKKA Yhdistys tekee yhteisty\u00f6t\u00e4 Suomen Rehtorit ry:n, Yksityiskoulujen Liitto ry:n ja Helsingin Yksityisoppikoulut ry:n kanssa ja tekee tarvittaessa esityksi\u00e4 ja kannanottoja. Yhdistys seuraa perusopetuksen ja lukion opetussuunnitelmien toimivuutta sek\u00e4 koulutuksen kehitt\u00e4mist\u00e4 ja tekee tarvittaessa kannanottoja. 2. OSAAMISEN JA VERKOTTUMISEN TUKEMINEN Yhdistys edist\u00e4\u00e4 yksityiskoulujen rehtorien, apulaisrehtorien ja muissa johtoteht\u00e4viss\u00e4 &#8230; <a title=\"Toimintasuunnitelma\" class=\"read-more\" href=\"https:\/\/suomenrehtorit.fi\/yksityiskoulujen-rehtorit-ry\/yksityiskoulujen-rehtorit-ry\/toimintasuunnitelma\/\" aria-label=\"Lue lis\u00e4\u00e4 aiheesta Toimintasuunnitelma\">Lue lis\u00e4\u00e4<\/a><\/p>\n","protected":false},"author":2,"featured_media":0,"parent":19,"menu_order":0,"comment_status":"closed","ping_status":"closed","template":"","meta":{"_uag_custom_page_level_css":"","footnotes":""},"class_list":["post-26","page","type-page","status-publish"],"uagb_featured_image_src":{"full":false,"thumbnail":false,"medium":false,"medium_large":false,"large":false,"1536x1536":false,"2048x2048":false},"uagb_author_info":{"display_name":"Miira Tirkkonen","author_link":"https:\/\/suomenrehtorit.fi\/yksityiskoulujen-rehtorit-ry\/author\/miirat\/"},"uagb_comment_info":0,"uagb_excerpt":"Yksityiskoulujen Rehtorit ry:n toimintasuunnitelma vuodelle 2025 1. KOULUTUSPOLITIIKKA Yhdistys tekee yhteisty\u00f6t\u00e4 Suomen Rehtorit ry:n, Yksityiskoulujen Liitto ry:n ja Helsingin Yksityisoppikoulut ry:n kanssa ja tekee tarvittaessa esityksi\u00e4 ja kannanottoja. Yhdistys seuraa perusopetuksen ja lukion opetussuunnitelmien toimivuutta sek\u00e4 koulutuksen kehitt\u00e4mist\u00e4 ja tekee tarvittaessa kannanottoja. 2. OSAAMISEN JA VERKOTTUMISEN TUKEMINEN Yhdistys edist\u00e4\u00e4 yksityiskoulujen rehtorien, apulaisrehtorien ja muissa johtoteht\u00e4viss\u00e4&hellip;","_links":{"self":[{"href":"https:\/\/suomenrehtorit.fi\/yksityiskoulujen-rehtorit-ry\/wp-json\/wp\/v2\/pages\/26","targetHints":{"allow":["GET"]}}],"collection":[{"href":"https:\/\/suomenrehtorit.fi\/yksityiskoulujen-rehtorit-ry\/wp-json\/wp\/v2\/pages"}],"about":[{"href":"https:\/\/suomenrehtorit.fi\/yksityiskoulujen-rehtorit-ry\/wp-json\/wp\/v2\/types\/page"}],"author":[{"embeddable":true,"href":"https:\/\/suomenrehtorit.fi\/yksityiskoulujen-rehtorit-ry\/wp-json\/wp\/v2\/users\/2"}],"replies":[{"embeddable":true,"href":"https:\/\/suomenrehtorit.fi\/yksityiskoulujen-rehtorit-ry\/wp-json\/wp\/v2\/comments?post=26"}],"version-history":[{"count":3,"href":"https:\/\/suomenrehtorit.fi\/yksityiskoulujen-rehtorit-ry\/wp-json\/wp\/v2\/pages\/26\/revisions"}],"predecessor-version":[{"id":105,"href":"https:\/\/suomenrehtorit.fi\/yksityiskoulujen-rehtorit-ry\/wp-json\/wp\/v2\/pages\/26\/revisions\/105"}],"up":[{"embeddable":true,"href":"https:\/\/suomenrehtorit.fi\/yksityiskoulujen-rehtorit-ry\/wp-json\/wp\/v2\/pages\/19"}],"wp:attachment":[{"href":"https:\/\/suomenrehtorit.fi\/yksityiskoulujen-rehtorit-ry\/wp-json\/wp\/v2\/media?parent=26"}],"curies":[{"name":"wp","href":"https:\/\/api.w.org\/{rel}","templated":true}]}}